{"id":696,"date":"2026-04-05T14:43:16","date_gmt":"2026-04-05T12:43:16","guid":{"rendered":"https:\/\/atelier-de-m-etre.fr\/?page_id=696"},"modified":"2026-04-05T14:55:10","modified_gmt":"2026-04-05T12:55:10","slug":"relacher-les-tensions-naturellement","status":"publish","type":"page","link":"https:\/\/atelier-de-m-etre.fr\/?page_id=696","title":{"rendered":"Rel\u00e2cher les tensions naturellement"},"content":{"rendered":"\n<blockquote class=\"wp-block-quote is-layout-flow wp-block-quote-is-layout-flow\">\n<p class=\"has-dark-brown-color has-text-color has-link-color wp-elements-63b8b65306774883253ae2aeea368942\" style=\"font-size:16px\">Je me demande aujourd&rsquo;hui pourquoi je ne me suis pas tourn\u00e9e vers la <strong>Sophrologie<\/strong> plus t\u00f4t. En effet lors de mes ann\u00e9es d&rsquo;\u00e9tudes, j&rsquo;\u00e9tais compl\u00e8tement paniqu\u00e9e avant d\u2019entamer un examen. Je regardais le sujet durant de longues minutes interminables et d\u00e9finitivement perdues, ne sachant pas par quel bout prendre ce devoir. Puis ensuite au cours de ma carri\u00e8re, lors d&rsquo;entretiens de stages ou d&#8217;embauche o\u00f9 le stress et mon manque de confiance en moi plombaient mes qualit\u00e9s, et au quotidien d\u00e8s qu&rsquo;un petit grain de sable venait se mettre dans les rouages de la vie, il prenait une ampleur \u00e0 mes yeux compl\u00e8tement surdimensionn\u00e9e.<\/p>\n<\/blockquote>\n\n\n\n<blockquote class=\"wp-block-quote is-layout-flow wp-block-quote-is-layout-flow\">\n<p class=\"has-dark-brown-color has-text-color has-link-color wp-elements-202cafdbaef8c1c433d236c23ae10811\" style=\"font-size:16px\">Alors que la vie m\u2019apportait son lot de tracasseries, j\u2019ai eu envie de retrouver, ne serait-ce qu\u2019un instant, du bien-\u00eatre. C\u2019est alors que j\u2019ai d\u00e9couvert la <strong>R\u00e9flexologie<\/strong> plantaire. Id\u00e9e saugrenue de ma part, j\u2019arrivais moi-m\u00eame \u00e0 me chatouiller rien qu\u2019en me touchant les pieds. Mais je n\u2019ai ressenti aucune sensation de chatouillement, mais bien du bien-\u00eatre m\u2019envahir et le plaisir d\u2019avoir profit\u00e9 d\u2019un instant de d\u00e9tente rien que pour moi.<\/p>\n<\/blockquote>\n\n\n\n<h2 class=\"wp-block-heading has-dark-brown-color has-text-color has-link-color wp-elements-1a7e68bcb57bbd2ee8f2b41e6742532c\">En Sophrologie naturellement<\/h2>\n\n\n\n<p style=\"font-size:16px\">La Sophrologie est une m\u00e9thode bas\u00e9e sur la <strong>respiration contr\u00f4l\u00e9e<\/strong>, associ\u00e9e \u00e0 des <strong>mouvements doux<\/strong> r\u00e9alisables par tou(te)s puisque compl\u00e8tement adaptables \u00e0 chacun(e). A cela s&rsquo;ajoute la visualisation d&rsquo;<strong>images positives<\/strong> et vous avez le combo gagnant de la Sophrologie. Il n&rsquo;est n\u00e9cessaire de rien de plus que la voix de votre Sophrologue. Pas besoin de diffusion de senteurs ou de m\u00e9lodies particuli\u00e8res. Seulement vous, vos propres images, vos propres sensations et ma voix.<\/p>\n\n\n\n<h2 class=\"wp-block-heading has-dark-brown-color has-text-color has-link-color wp-elements-30dbbc4accb9b6da18a3f545f7bcb799\" style=\"font-size:20px\">C&rsquo;est vous qui en parlez le mieux<\/h2>\n\n\n\n<figure class=\"wp-block-image size-full\"><img loading=\"lazy\" decoding=\"async\" width=\"504\" height=\"205\" src=\"https:\/\/atelier-de-m-etre.fr\/wp-content\/uploads\/2026\/04\/Juin-2024.png\" alt=\"\" class=\"wp-image-689\" srcset=\"https:\/\/atelier-de-m-etre.fr\/wp-content\/uploads\/2026\/04\/Juin-2024.png 504w, https:\/\/atelier-de-m-etre.fr\/wp-content\/uploads\/2026\/04\/Juin-2024-300x122.png 300w\" sizes=\"auto, (max-width: 504px) 100vw, 504px\" \/><\/figure>\n\n\n\n<h2 class=\"wp-block-heading has-dark-brown-color has-text-color has-link-color wp-elements-ca3dd2ed7bd9f696cb59794550bcdf4e\">En R\u00e9flexologie naturellement<\/h2>\n\n\n\n<h2 class=\"wp-block-heading has-dark-brown-color has-text-color has-link-color wp-elements-5e442eee986b71dff77f23de513ed3c8\" style=\"font-size:20px\">Le bien-\u00eatre au naturel<\/h2>\n\n\n\n<p class=\"has-dark-brown-color has-text-color has-link-color wp-elements-289570b8230d21053346517f61417448\" style=\"font-size:16px\">La R\u00e9flexologie se pratique par <strong>pressions r\u00e9alis\u00e9es avec les doigts<\/strong> (pour la plantaire et la palmaire) <strong>ou un stylet<\/strong> (pour la faciale et l\u2019auriculaire). Ces techniques ne n\u00e9cessitent pas l\u2019utilisation de produits particuliers, hormis des <strong>graines naturelles de vaccaria <\/strong>(plac\u00e9es sur les zones r\u00e9flexes des oreilles en R\u00e9flexologie auriculaire uniquement).<\/p>\n\n\n\n<p class=\"has-dark-brown-color has-text-color has-link-color wp-elements-412c58abb8db173f66673143d1e23929\" style=\"font-size:16px\"><strong>La R\u00e9flexologie <\/strong>plantaire ou palmaire associ\u00e9e \u00e0 l\u2019auriculaire et\/ou la faciale est indiqu\u00e9e <strong>pour apporter du bien-\u00eatre de mani\u00e8re naturelle<\/strong>, accompagn\u00e9e ou non par quelques conseils sur des aliments commun\u00e9ment commercialis\u00e9s dans notre pays.<\/p>\n\n\n\n<h2 class=\"wp-block-heading has-dark-brown-color has-text-color has-link-color wp-elements-cee4b1db13e7008f1f677bedbf82f273\" style=\"font-size:20px\">Massage personnalis\u00e9<\/h2>\n\n\n\n<p class=\"has-dark-brown-color has-text-color has-link-color wp-elements-4a3a458eed60ebf9f49afbca73300ada\" style=\"font-size:16px\">Votre r\u00e9flexologue va ajuster sa pratique pour <strong>s\u2019adapter aux situations particuli\u00e8res<\/strong> et proposer ainsi les massages <strong>les plus appropri\u00e9s<\/strong> et offrir des <strong>conseils personnalis\u00e9s<\/strong>.<\/p>\n\n\n\n<p class=\"has-dark-brown-color has-text-color has-link-color wp-elements-c691286669e69b69e99bb86f2f914ecd\" style=\"font-size:16px\">L&rsquo;utilisation d&rsquo;une technique bas\u00e9e sur des mouvements musculaires doux r\u00e9alisables par tou(te)s permet d&rsquo;encore mieux <strong>identifier les zones d&rsquo;inconfort<\/strong> et d&rsquo;affiner les massages propos\u00e9s.<\/p>\n\n\n\n<h2 class=\"wp-block-heading has-dark-brown-color has-text-color has-link-color has-medium-font-size wp-elements-ec61dd349b6f8635dd2454ccc38d3474\">C&rsquo;est vous qui en parlez le mieux<\/h2>\n\n\n\n<figure class=\"wp-block-image size-full\"><img loading=\"lazy\" decoding=\"async\" width=\"482\" height=\"142\" src=\"https:\/\/atelier-de-m-etre.fr\/wp-content\/uploads\/2026\/04\/Juillet-2025.png\" alt=\"\" class=\"wp-image-691\" srcset=\"https:\/\/atelier-de-m-etre.fr\/wp-content\/uploads\/2026\/04\/Juillet-2025.png 482w, https:\/\/atelier-de-m-etre.fr\/wp-content\/uploads\/2026\/04\/Juillet-2025-300x88.png 300w\" sizes=\"auto, (max-width: 482px) 100vw, 482px\" \/><\/figure>\n","protected":false},"excerpt":{"rendered":"<p>Je me demande aujourd&rsquo;hui pourquoi je ne me suis pas tourn\u00e9e vers la Sophrologie plus t\u00f4t. En effet lors de mes ann\u00e9es d&rsquo;\u00e9tudes, j&rsquo;\u00e9tais compl\u00e8tement paniqu\u00e9e avant d\u2019entamer un examen. Je regardais le sujet durant de longues minutes interminables et d\u00e9finitivement perdues, ne sachant pas par quel bout prendre ce devoir. Puis ensuite au cours &hellip; <a href=\"https:\/\/atelier-de-m-etre.fr\/?page_id=696\" class=\"more-link\">Continuer la lecture de <span class=\"screen-reader-text\">Rel\u00e2cher les tensions naturellement<\/span><\/a><\/p>\n","protected":false},"author":1,"featured_media":673,"parent":0,"menu_order":0,"comment_status":"closed","ping_status":"closed","template":"","meta":{"footnotes":""},"class_list":["post-696","page","type-page","status-publish","has-post-thumbnail","hentry"],"_links":{"self":[{"href":"https:\/\/atelier-de-m-etre.fr\/index.php?rest_route=\/wp\/v2\/pages\/696","targetHints":{"allow":["GET"]}}],"collection":[{"href":"https:\/\/atelier-de-m-etre.fr\/index.php?rest_route=\/wp\/v2\/pages"}],"about":[{"href":"https:\/\/atelier-de-m-etre.fr\/index.php?rest_route=\/wp\/v2\/types\/page"}],"author":[{"embeddable":true,"href":"https:\/\/atelier-de-m-etre.fr\/index.php?rest_route=\/wp\/v2\/users\/1"}],"replies":[{"embeddable":true,"href":"https:\/\/atelier-de-m-etre.fr\/index.php?rest_route=%2Fwp%2Fv2%2Fcomments&post=696"}],"version-history":[{"count":6,"href":"https:\/\/atelier-de-m-etre.fr\/index.php?rest_route=\/wp\/v2\/pages\/696\/revisions"}],"predecessor-version":[{"id":718,"href":"https:\/\/atelier-de-m-etre.fr\/index.php?rest_route=\/wp\/v2\/pages\/696\/revisions\/718"}],"wp:featuredmedia":[{"embeddable":true,"href":"https:\/\/atelier-de-m-etre.fr\/index.php?rest_route=\/wp\/v2\/media\/673"}],"wp:attachment":[{"href":"https:\/\/atelier-de-m-etre.fr\/index.php?rest_route=%2Fwp%2Fv2%2Fmedia&parent=696"}],"curies":[{"name":"wp","href":"https:\/\/api.w.org\/{rel}","templated":true}]}}